ose 467 = k*p - 145. What is the units digit of p?
6
Let v(x) be the third derivative of 61*x**4/24 - 125*x**3/6 - 2*x**2 + 17*x. What is the tens digit of v(21)?
5
Let h(p) = -7*p**3 + p**2 + 38*p + 77. What is the tens digit of h(-12)?
6
Let a = -9767 + 26494. What is the tens digit of a?
2
Suppose -4*w - 3*n = -46614, 3*n = 3*w + 2*w - 58308. What is the units digit of w?
8
Suppose 3*x + 353 - 5879 = -3*q, 3*q + 2*x = 5527. What is the thousands digit of q?
1
Let u(z) = -475*z**2 - 2*z + 2. Let h be u(1). Let o = 842 + h. What is the units digit of o?
7
Suppose 0 = -2*w + 914 + 1022. Suppose 2*c + w = v, 0*v + v = -2*c - 968. Let r = -271 - c. What is the units digit of r?
3
Let a = -6959 + 11153. What is the units digit of a?
4
Let w(t) be the first derivative of t**4/4 - 8*t**3 + 25*t**2/2 - 25*t + 10. Let n = 64 + -41. What is the units digit of w(n)?
1
Suppose 4*q - 24 = 4*t, 74*t - 79*t - q = 6. What is the tens digit of t/18 + (-56384)/(-72)?
8
Suppose -4 = c - 3*s + 12, -4*c + 3*s - 37 = 0. Let w(i) = 27*i**2 - 11*i + 6. What is the tens digit of w(c)?
0
Suppose -422*j = -418*j + 2128. Let m = j - -749. What is the hundreds digit of m?
2
Let s(w) = -199*w. Let l be s(13). Let k = -10 - -12. What is the tens digit of (l/k)/(-13) - 6/(-4)?
0
Let g(q) = q**3 + 6*q**2 + 6*q + 8. Let w be g(-5). Suppose w*a - 101 = -104. What is the hundreds digit of (a/(-2))/(3/786)?
1
Let w = 1416 + 2074. What is the tens digit of w?
9
Suppose -25*d + 30*d - 24735 = -5*r, -4*d = -r - 19753. What is the units digit of d?
0
Suppose 0 = -2*b - 2*h - 64, 6*b + h + 113 = 2*b. Let y = b + 18. What is the units digit of 204*(30/y)/(-5)?
6
Let c(s) = -16*s**3 + 5*s**2 + 127*s + 57. What is the units digit of c(-9)?
3
Let l(p) = 631*p - 1015. What is the tens digit of l(12)?
5
Let u(w) = 21 + w**3 - 22*w**2 - 25 - 60*w + 42. What is the units digit of u(25)?
3
Let i(g) = -2*g**3 - 11*g**2 - 29. Let u be i(-8). Let c = 84 + u. What is the units digit of c?
5
What is the ten thousands digit of 7*(-15 + 14)*-4217?
2
Let d(m) = 1456*m**2 - 289*m + 572. What is the thousands digit of d(2)?
5
Let b(z) = 21*z + 5. Let m be b(-4). Let f = 542 - 554. Let g = f - m. What is the units digit of g?
7
Let s be 9/((1 + 0)*1). Let r = 1422 - 1402. Let k = r + s. What is the units digit of k?
9
Let u(t) = 2*t**3 + 3*t**2 - t + 3. Let k = 9 - 45. Let p = 39 + k. What is the units digit of u(p)?
1
Suppose 40*b - 29*b = 77289 + 14198. What is the tens digit of b?
1
Suppose 77 = 21*q - 14*q. Suppose 3*p - 3416 = -q*p. What is the units digit of p?
4
Suppose 4 - 168 = -4*d. Suppose -2*t + d = -145. Suppose -s + 100 = -5*j, s - t = 2*j - 4*j. What is the tens digit of s?
9
Let m be 3 + 1*(1 - 8). What is the thousands digit of (62/m)/(955/(-106) - -9)?
1
Let x(l) = -l**3 + 38*l**2 - 77*l + 1181. What is the tens digit of x(17)?
4
Suppose -2*j = -2*o - 14, 25 = 2*j + o - 4. Suppose 0 = 3*x - 5*w - j, -4*w = 2*x - 5*x + 12. What is the tens digit of ((-100)/(-15))/(x/78)?
3
Let j(b) = -4*b - 24. Let l be j(-11). Suppose -15*h = -19*h + l. Suppose -343 = -4*m - h*w, 2*w - 5*w + 77 = m. What is the units digit of m?
2
Suppose -73*n + 9310257 = 84*n. What is the units digit of n?
1
Let x be 2/(1 + 0) + (-4 - -10). Let j(p) = 3*p**2 + 8*p - 26. What is the units digit of j(x)?
0
Suppose -93*n + 100*n - 38185 = 0. What is the thousands digit of n?
5
Suppose 0 = -m + 3*j - 2*j + 15, -2*m - 3*j = -5. Let b be ((-234)/65)/(4/m). What is the units digit of ((-3)/b)/((-2)/(-42))?
7
Suppose 106 = 5*l + 3*h, 70 = -4*l + 7*l + 5*h. Suppose -2*v + v - 4*u = -697, l = 5*u. What is the tens digit of v?
8
Let b be 5*1/(1 + 0). Let l be (-996)/(-5) - 21/(420/(-16)). Suppose 5*f = b*g + l, 2 + 6 = 4*g. What is the units digit of f?
2
Let b(o) = -5*o**3 - 8*o**2 - 46*o + 48. What is the ten thousands digit of b(-13)?
1
What is the thousands digit of (-13)/26 + (-74855)/(-10)?
7
Let f be (-7)/(-2) + 60/(-120). Let k(w) = -7 - 6 + 52*w + 0 - 21*w. What is the tens digit of k(f)?
8
Let y(l) = 107*l**2 + 9*l - 19. Let a be y(4). Suppose -10*v - 381 - a = 0. Let h = v - -325. What is the hundreds digit of h?
1
Suppose -r - 512 = -2*r + 3*j, -5*r = -5*j - 2540. Suppose -609 - 447 = -4*l. Let v = r - l. What is the tens digit of v?
4
Let b(m) = 2*m**3 - 9*m**2 - 2*m - 8. Let z be b(13). Suppose -4*h - 7*j + 5*j + 2834 = 0, -3*j = -4*h + z. What is the units digit of h?
9
What is the hundreds digit of 248580/(-162)*3*(-3)/2?
9
Suppose -69195 = -25*r + 4*r. Suppose 3*u + 763 = r. What is the units digit of u?
4
Suppose -5*y - r = -141 - 56, -y - r + 41 = 0. Suppose -g - 3*g = 0. Suppose g = 3*f - y - 15. What is the units digit of f?
8
Let x = -8278 + 17092. What is the tens digit of x?
1
Suppose -67*k = -80*k + 38909. What is the tens digit of k?
9
Suppose -138243 = -3*r - 2*h, -14*h = 5*r - 17*h - 230405. What is the units digit of r?
1
Suppose 0 = q - 348 - 961. Let k = q - 699. What is the units digit of k?
0
Let s(r) = r**2 - 4*r - 22. Let y be s(7). Let q be y*37 - (-9)/(1 - 4). What is the units digit of (1 - q/(-15))/(1/(-90))?
0
Let r(j) = j**3 + 4*j + 6. Let a be r(-3). Let l = 81 + a. What is the units digit of l?
8
What is the hundreds digit of 23/((-1288)/(-48096))*63*(-4)/(-6)?
0
Let k(b) = 3*b**2 - 4*b. Let p be k(5). Let d be (-4*75/105)/(4/(-98)). Let j = p + d. What is the units digit of j?
5
Suppose 0 = 7*y + v - 129822, -3*y + 4*v = -5*y + 37092. What is the thousands digit of y?
8
Let f(v) = 87*v**2 - 4*v + 6. Let x be (1 + 5)*(-48)/(-96). What is the hundreds digit of f(x)?
7
Let w(v) = v**2 + 2*v + 1. Suppose -207 = -4*g + 2*y - 11, 5*g - 2*y - 245 = 0. Let a = 44 - g. What is the tens digit of w(a)?
1
Suppose -z = -3*g + 13, -11*z + 8*z - 9 = -3*g. Suppose -z*s + 4*k + k + 392 = 0, -5*s = 4*k - 947. Let w = 1 + s. What is the tens digit of w?
9
Let n = -440 - 194. Let t = n - -1235. What is the hundreds digit of t?
6
Suppose -21274 = -2*y + 2*f, 2*y + 19*f - 21256 = 18*f. What is the tens digit of y?
3
Let j be 18/12*4/6. Suppose -14 = 5*a + j. What is the tens digit of 1/a - 604/(-12)?
5
Let m be (1430/(-12))/(-13) - (-1)/(-6). Suppose 0 = m*v - 0*v + 81. Let k(b) = -b**3 - 9*b**2 - 3*b + 14. What is the units digit of k(v)?
1
Let a(q) = q**2 - 9*q - 17. Suppose 4*n + 4*o - 72 = 0, 5*o + 5 + 17 = 3*n. Suppose 2*l + r + r = n, -4*l + 53 = -r. What is the units digit of a(l)?
9
Suppose 31 = 44*r - 13. What is the hundreds digit of 4672/8 - (r - -2)?
5
Suppose 27104 = 4*v + 3*v. Suppose v = -18*d + 40*d. What is the units digit of d?
6
Let q(k) be the second derivative of -k**3/6 + 35*k**2/2 + 21*k. Let i be 168/15 + (-2)/10. What is the units digit of q(i)?
4
Let k(r) be the second derivative of 8*r**3/3 + 17*r**2/2 + 11*r. Let n be k(4). Let q = -74 + n. What is the units digit of q?
7
Suppose -3160 - 21092 = -3*v - 3*n, n - 3 = 0. What is the thousands digit of v?
8
What is the hundreds digit of ((6 - -4) + -30787)*2/(-2)?
7
Let l(w) = -6*w + 3 - 31*w - 2*w**2 + 14*w + 5*w. Let z be l(-9). Suppose -5*y + 4*a + 298 = -136, -78 = -y + z*a. What is the tens digit of y?
9
Suppose 111 = -4*j - 3*f + 952, -3*j + 628 = 5*f. Suppose 4*z + 3*p = j, 117 - 340 = -4*z + p. Suppose 3*n = 131 + z. What is the tens digit of n?
6
Let j be 0 - -3 - 2 - 1. Let k(q) = -14*q - 68. Let c be k(-6). Suppose j = -2*f + 4*g + 7 + 25, 3*g = -f + c. What is the units digit of f?
6
Suppose -39 + 5 = 4*n + 2*v, 2*v + 6 = 0. What is the hundreds digit of ((-60)/9)/(n/((-2037)/(-2)))?
9
Suppose -3*n + 12 = n, 0 = 2*j - 2*n - 17702. What is the thousands digit of j?
8
Let p = -176 - -43. Suppose -275 = -v + 5*g, 2*v - 605 = 2*g - 87. Let l = v + p. What is the hundreds digit of l?
1
Let n = -39933 - -65188. What is the thousands digit of n?
5
What is the units digit of 10/((-180)/26946)*-3?
1
Suppose -781 - 141 = -4*v - 2*p, 0 = -v - 3*p + 228. Suppose -a - 2 = -3. Suppose -v - a = -2*i. What is the hundreds digit of i?
1
Let i(q) = q - 3*q**2 + 1 + 2*q**2 + 1 + q**3 - 3*q**2. Let b be i(3). Let l(c) = -13*c - 9. What is the units digit of l(b)?
3
Let v(m) = 13*m**2 - 18*m - 39. Let g be v(-8). Suppose g*y = 932*y + 3090. What is the hundreds digit of y?
6
Suppose -134 = 2*w - 4*w. Suppose 7*r = 928 - w. Let i = r + 